{"id":3761,"date":"2022-06-02T12:20:19","date_gmt":"2022-06-02T10:20:19","guid":{"rendered":"https:\/\/www.kermesgps.com\/esp\/?page_id=3761"},"modified":"2023-10-05T13:22:09","modified_gmt":"2023-10-05T11:22:09","slug":"plus4-it","status":"publish","type":"page","link":"https:\/\/www.kermesgps.com\/esp\/plus4-it\/","title":{"rendered":"Kermes Plus IV IT"},"content":{"rendered":"<div class=\"wpb-content-wrapper\"><p>[vc_row][vc_column]\n\t\t\t\t<p class=\"rs-p-wp-fix\"><\/p>\n\t\t\t\t<sr7-module data-alias=\"kermes-plus-iv-1\" data-id=\"44\" id=\"SR7_44_1\" class=\"rs-ov-hidden\" data-version=\"6.7.54\">\n\t\t\t\t\t<sr7-adjuster><\/sr7-adjuster>\n\t\t\t\t\t<sr7-content>\n\t\t\t\t\t\t<sr7-slide id=\"SR7_44_1-83\" data-key=\"83\">\n\t\t\t\t\t\t\t<sr7-txt id=\"SR7_44_1-83-3\" class=\"sr7-layer\">Affidabilit\u00e0<br\/>\nPotenza y  \nEfficacia.\nTutto in uno<\/sr7-txt>\n\t\t\t\t\t\t\t<sr7-txt id=\"SR7_44_1-83-4\" class=\"sr7-layer\">Il dispositivo di segnalazione Kermes Plus IV \u00e8 il risultato della nostra esperienza in questo tipo di sistemi, con oltre 16 anni di esperienza nel nostro esclusivo database. L'ampia variet\u00e0 di avvisi disponibili ha innovato il settore, e siamo anche pionieri in questo tipo di sistemi.<\/sr7-txt>\n\t\t\t\t\t\t\t<sr7-txt id=\"SR7_44_1-83-5\" class=\"sr7-layer\">Saperne di pi\u00f9<i class=\"fa-angle-right\" style=\"margin-left:2px;\"><\/i><\/sr7-txt>\n\t\t\t\t\t\t<\/sr7-slide>\n\t\t\t\t\t\t<sr7-slide id=\"SR7_44_1-84\" data-key=\"84\">\n\t\t\t\t\t\t\t<sr7-txt id=\"SR7_44_1-84-3\" class=\"sr7-layer\">Scopri una<br\/>\nnuova sensazione.<\/sr7-txt>\n\t\t\t\t\t\t\t<sr7-txt id=\"SR7_44_1-84-4\" class=\"sr7-layer\">Concentratevi sulla guida e lasciate che il nostro Kermes Plus IV vi avverta di eventuali sistema sanzionatorio durante la guida, oltre che di avvisi specifici sulla sicurezza stradale. Il tutto con avvisi vocali chiari e concisi, per non distogliere lo sguardo dalla strada.<\/sr7-txt>\n\t\t\t\t\t\t\t<sr7-txt id=\"SR7_44_1-84-5\" class=\"sr7-layer\">Informazioni<i class=\"fa-angle-right\" style=\"margin-left:2px;\"><\/i><\/sr7-txt>\n\t\t\t\t\t\t<\/sr7-slide>\n\t\t\t\t\t\t<sr7-slide id=\"SR7_44_1-85\" data-key=\"85\">\n\t\t\t\t\t\t\t<sr7-txt id=\"SR7_44_1-85-3\" class=\"sr7-layer\">Con il maggior<br\/>numero di avvisi<\/sr7-txt>\n\t\t\t\t\t\t\t<sr7-txt id=\"SR7_44_1-85-4\" class=\"sr7-layer\">Sia i sistemi di sanzione, differenziando il tipo di strada, la velocit\u00e0 e la direzione, sia i sistemi di sicurezza stradale, che indicano il tipo di possibile pericolo a cui ci si sta avvicinando, in modo da evitare inutili spaventi durante la guida.<\/sr7-txt>\n\t\t\t\t\t\t\t<sr7-txt id=\"SR7_44_1-85-5\" class=\"sr7-layer\">Mostratele a me<i class=\"fa-angle-right\" style=\"margin-left:2px;\"><\/i><\/sr7-txt>\n\t\t\t\t\t\t<\/sr7-slide>\n\t\t\t\t\t\t<sr7-slide id=\"SR7_44_1-132\" data-key=\"132\">\n\t\t\t\t\t\t<\/sr7-slide>\n\t\t\t\t\t<\/sr7-content>\n\t\t\t\t\t<image_lists style=\"display:none\">\n\t\t\t\t\t\t<img data-src=\"\/\/www.kermesgps.com\/esp\/wp-content\/uploads\/2022\/05\/KERMES-IV-ALTA-CALIDAD-e1653554155890.webp\" data-libid=\"3625\" data-lib=\"medialibrary\" alt=\"Kermes Plus IV hd\" title=\"Kermes Plus IV hd\" width=\"0\" height=\"0\" data-dbsrc=\"Ly93d3cua2VybWVzZ3BzLmNvbS9lc3Avd3AtY29udGVudC91cGxvYWRzLzIwMjIvMDUvS0VSTUVTLUlWLUFMVEEtQ0FMSURBRC1lMTY1MzU1NDE1NTg5MC53ZWJw\"\/>\n\t\t\t\t\t\t<img data-src=\"\/\/www.kermesgps.com\/esp\/wp-content\/uploads\/2022\/05\/Tutor.webp\" data-libid=\"3970\" data-lib=\"medialibrary\" title=\"Tutor\" width=\"0\" height=\"0\" data-dbsrc=\"Ly93d3cua2VybWVzZ3BzLmNvbS9lc3Avd3AtY29udGVudC91cGxvYWRzLzIwMjIvMDUvVHV0b3Iud2VicA==\"\/>\n\t\t\t\t\t<\/image_lists>\n\t\t\t\t<\/sr7-module>\n\t\t\t\t<script>\n\t\t\t\t\twindow.SR7 ??={};SR7.PMH ??={}; SR7.PMH[\"SR7_44_1\"] = {cn:100,state:false,fn: function() { if (window._tpt!==undefined && window._tpt.prepareModuleHeight !== undefined) {  _tpt.prepareModuleHeight({id:\"SR7_44_1\",el:[868,868,768,960,720],type:'standard',shdw:'0',gh:[868,868,768,960,720],gw:[1240,1240,1024,778,480],vpt:['-200px&#039;,&#039;-200px&#039;,&#039;-200px&#039;,&#039;-200px&#039;,&#039;-200px'],size:{fullWidth:true, fullHeight:true},fho:'',mh:'0',onh:0,onw:0,bg:{color:'{\"orig\":\"transparent\",\"type\":\"solid\",\"string\":\"transparent\"}'},plType:'-1',plColor:'#333333'});   SR7.PMH[\"SR7_44_1\"].state=true;} else if(SR7.PMH[\"SR7_44_1\"].cn-->0)\tsetTimeout( SR7.PMH[\"SR7_44_1\"].fn,19);}};SR7.PMH[\"SR7_44_1\" ].fn();\n\t\t\t\t<\/script>\n[\/vc_column][\/vc_row][vc_row full_width=\u00bbstretch_row\u00bb el_class=\u00bbhome1-wcs\u00bb css=\u00bb.vc_custom_1540975848221{background-color: #ffffff !important;}\u00bb][vc_column][vc_column_text]<\/p>\n<h3 class=\"home3-sec-title\"><span class=\"ttwrap\">Di cosa mi avverte?<\/span><\/h3>\n<p>[\/vc_column_text][vc_column_text]<\/p>\n<div class=\"email-desc text-center margin-bottom-41\">Tutti i tipi di sistemi di sanzionamento stradale.<\/div>\n<p>[\/vc_column_text][vc_row_inner][vc_column_inner width=\u00bb1\/3&#8243;][vc_column_text]<\/p>\n<div class=\"wcs-desc\">\n<div class=\"num\">1.<\/div>\n<div class=\"content-wrap\">\n<div class=\"desc-title\"><a href=\"http:\/\/&quot;\">Sistema sanzionatorio statico<\/a><\/div>\n<div class=\"desc-line\"><strong>Tutti<\/strong> i tipi di sistemi sanzionatori come radar, telecamere, semafori eccetera.<\/div>\n<\/div>\n<\/div>\n<div class=\"wcs-desc\">\n<div class=\"num\">2.<\/div>\n<div class=\"content-wrap\">\n<div class=\"desc-title\"><a href=\"https:\/\/ripara.7uptheme.net\/shop\">Radar mobili<\/a><\/div>\n<div class=\"desc-line\">Materiali di qualit\u00e0 e durevoli, in costante sviluppo e miglioramento per i nostri clienti.<\/div>\n<\/div>\n<\/div>\n<p>[\/vc_column_text][\/vc_column_inner][vc_column_inner el_class=\u00bbcol-image\u00bb width=\u00bb1\/3&#8243;][vc_single_image image=\u00bb3119&#8243; img_size=\u00bbfull\u00bb alignment=\u00bbcenter\u00bb onclick=\u00bbcustom_link\u00bb link=\u00bbhttps:\/\/ripara.7uptheme.net\/product\/wheel-svn-1020\/\u00bb el_class=\u00bbhvr-wobble-horizontal\u00bb][\/vc_column_inner][vc_column_inner width=\u00bb1\/3&#8243;][vc_column_text]<\/p>\n<div class=\"wcs-desc\">\n<div class=\"num\">3.<\/div>\n<div class=\"content-wrap\">\n<div class=\"desc-title\"><a href=\"#\">Controlli di velocit\u00e0 media (Tutor)<\/a><\/div>\n<div class=\"desc-line\">Indicazione di ingresso, uscita e velocit\u00e0. Si raccomanda l&#8217;uso del cruise control.<\/div>\n<\/div>\n<\/div>\n<div class=\"wcs-desc\">\n<div class=\"num\">4.<\/div>\n<div class=\"content-wrap\">\n<div class=\"desc-title\"><a href=\"#\">Circolazione limitata<\/a><\/div>\n<div class=\"desc-line\">Avvisa il guidatore in caso ci si avvicini a zone a circolazione limitata e controllate da telecamere di sorveglianza. Avvisa <strong>inoltre<\/strong> sulla presenza di <strong>incroci regolati da semafori<\/strong> posti sotto il controllo di telecamere automatiche.<\/div>\n<\/div>\n<\/div>\n<p>[\/vc_column_text][\/vc_column_inner][\/vc_row_inner][\/vc_column][\/vc_row][vc_row full_width=\u00bbstretch_row\u00bb content_placement=\u00bbmiddle\u00bb el_class=\u00bbhome1-team parallax\u00bb css=\u00bb.vc_custom_1653558886038{background-image: url(https:\/\/www.kermesgps.com\/esp\/wp-content\/uploads\/2022\/05\/carretera.webp?id=3627) !important;}\u00bb][vc_column][vc_column_text]<\/p>\n<h3 class=\"home3-sec-title\"><span class=\"ttwrap\">Sistema sanzionatorio statico<br \/>\n<\/span><\/h3>\n<p>[\/vc_column_text][vc_column_text]<\/p>\n<p style=\"text-align: center;\"><span style=\"color: #ffffff;\"><strong>Kermes Plus IV<\/strong> \u00e8 un localizzatore di controlli automatici sanzionatori come <strong>radar, telecamere, rilevatori di velocit\u00e0 media, semafori eccetera<\/strong>, e mette a disposizione un avanzato sistema a sintesi vocale che avvisa il guidatore con chiari messaggi audio.<\/span><\/p>\n<p style=\"text-align: center;\"><span style=\"color: #ffffff;\">Avvisa sull&#8217;approssimarsi di controlli fissi di velocit\u00e0, <strong>indicando la velocit\u00e0 massima<\/strong> permessa e seguendo eventualmente il guidatore fino al completo rientro nel limite di velocit\u00e0.<\/span><\/p>\n<p style=\"text-align: center;\"><span style=\"color: #ffffff;\">Avverte inoltre della presenza di controlli della <strong>velocit\u00e0 media (Tutor)<\/strong>, calcolandola in tempo reale e verificando che non vengano superati i limiti consentiti.<\/span><\/p>\n<p style=\"text-align: center;\"><span style=\"color: #ffffff;\">Inoltre, avvisa il guidatore in caso ci si avvicini a zone a <strong>circolazione limitata<\/strong> e controllate da telecamere di sorveglianza. Avvisa inoltre sulla presenza di incroci regolati da semafori posti sotto il controllo di telecamere automatiche. <\/span><\/p>\n<p>[\/vc_column_text][\/vc_column][\/vc_row][vc_row full_width=\u00bbstretch_row\u00bb el_class=\u00bbhome1-wcs\u00bb css=\u00bb.vc_custom_1540975848221{background-color: #ffffff !important;}\u00bb][vc_column][vc_column_text]<\/p>\n<h3 class=\"home3-sec-title\"><span class=\"ttwrap\">Completamente programmabile<\/span><\/h3>\n<p>[\/vc_column_text][vc_column_text]<\/p>\n<div class=\"email-desc text-center margin-bottom-41\">Configurabile per adattarsi all&#8217;utente<\/div>\n<p>[\/vc_column_text][vc_row_inner][vc_column_inner width=\u00bb1\/3&#8243;][vc_column_text]<\/p>\n<div class=\"wcs-desc\">\n<div class=\"num\">1.<\/div>\n<div class=\"content-wrap\">\n<div class=\"desc-title\"><a href=\"#\"><strong><span style=\"color: #ff9900;\">Avvisi basati sulla Velocit\u00e0<\/span><\/strong><\/a><\/div>\n<div class=\"desc-line\">Utilizzare le informazioni GPS, ad esempio, per avvisi di limite minimo o di velocit\u00e0.<\/div>\n<\/div>\n<\/div>\n<div class=\"wcs-desc\">\n<div class=\"num\">2.<\/div>\n<div class=\"content-wrap\">\n<div class=\"desc-title\"><a href=\"#\"><span style=\"color: #ff9900;\"><strong>Programmazione dell&#8217;accensione<\/strong><\/span><\/a><\/div>\n<div class=\"desc-line\">Semplice programmazione all&#8217;accensione: benvenuto vocale, toni o avvio silenzioso.<\/div>\n<\/div>\n<\/div>\n<p>[\/vc_column_text][\/vc_column_inner][vc_column_inner width=\u00bb1\/3&#8243;][vc_column_text]<\/p>\n<div class=\"wcs-desc\">\n<div class=\"num\">3.<\/div>\n<div class=\"content-wrap\">\n<div class=\"desc-title\"><a href=\"#\"><strong><span style=\"color: #ff9900;\">Modalit\u00e0 di Guida<\/span><\/strong><\/a><\/div>\n<div class=\"desc-line\">Con tre tipi: sistemi di sanzionamento completi, fissi e mobili o solo controlli fissi&#8230; la scelta \u00e8 vostra.<\/div>\n<\/div>\n<\/div>\n<div class=\"wcs-desc\">\n<div class=\"num\">4.<\/div>\n<div class=\"content-wrap\">\n<div class=\"desc-title\"><a href=\"#\"><span style=\"color: #ff9900;\"><strong>Limitatore di Velocit\u00e0<\/strong><\/span><\/a><\/div>\n<div class=\"desc-line\">Selezionandolo, il Kermes Plus IV vi avvertir\u00e0 se superate questa velocit\u00e0 e vi dir\u00e0 di rallentare.<\/div>\n<\/div>\n<\/div>\n<p>[\/vc_column_text][\/vc_column_inner][vc_column_inner width=\u00bb1\/3&#8243;][vc_column_text]<\/p>\n<div class=\"wcs-desc\">\n<div class=\"num\">5.<\/div>\n<div class=\"content-wrap\">\n<div class=\"desc-title\"><a href=\"#\"><span style=\"color: #ff9900;\"><strong>Computer di bordo 1<\/strong><\/span><\/a><\/div>\n<div class=\"desc-line\">Coordinate, velocit\u00e0 massima, velocit\u00e0 media, tensione, contachilometri&#8230; quando il veicolo \u00e8 fermo.<\/div>\n<\/div>\n<\/div>\n<div class=\"wcs-desc\">\n<div class=\"num\">6.<\/div>\n<div class=\"content-wrap\">\n<div class=\"desc-title\"><a href=\"#\"><span style=\"color: #ff9900;\"><strong>Computer di bordo 2<\/strong><\/span><\/a><\/div>\n<div class=\"desc-line\">Tachimetro, bussola, altimetro, altimetro, voltmetro, posizioni utente&#8230;<\/div>\n<\/div>\n<\/div>\n<p>[\/vc_column_text][\/vc_column_inner][\/vc_row_inner][\/vc_column][\/vc_row][vc_row full_width=\u00bbstretch_row\u00bb parallax=\u00bbcontent-moving\u00bb el_class=\u00bbhome1-team parallax\u00bb css=\u00bb.vc_custom_1653577248918{background: #f2f2f2 url(https:\/\/www.kermesgps.com\/esp\/wp-content\/uploads\/2022\/05\/bad_road.webp?id=3630);background-position: center;background-repeat: no-repeat !important;background-size: cover !important;}\u00bb][vc_column][vc_column_text]<\/p>\n<h3 class=\"home3-sec-title\"><span class=\"ttwrap\">SICUREZZA STRADALE<br \/>\n<\/span><\/h3>\n<p>[\/vc_column_text][vc_column_text]<\/p>\n<div class=\"email-desc text-center margin-bottom-41\"><span style=\"color: #ffffff;\">Non solo vi avvertir\u00e0 dei controlli sanzionatori&#8230;<\/span><\/div>\n<p>[\/vc_column_text][vc_column_text]<\/p>\n<p style=\"text-align: center;\"><span style=\"color: #ffffff;\">Se lo desiderate, il vostro <strong>Kermes Plus IV<\/strong> vi avvertir\u00e0 dei possibili pericoli che potreste incontrare sul vostro percorso, <strong>specificando<\/strong> in modo conciso quale <strong>tipo<\/strong> di pericolo vi state avvicinando, permettendovi cos\u00ec di reagire in anticipo ed evitare situazioni pericolose.<\/span><\/p>\n<p style=\"text-align: center;\"><span style=\"color: #ffffff;\">Avvisa in caso di condizioni stradali avverse o di pericolo.<\/span><\/p>\n<p style=\"text-align: center;\"><span style=\"color: #ffffff;\">Il Kermes Plus IV, grazie al pi\u00f9 alto numero di avvisi attualmente sul mercato, indica, sia sulle strade principali che su quelle secondarie, se ci si sta avvicinando a una zona di pericolo, come ad esempio le curve pericolose (anche quelle non segnalate, e a seconda del paese), sezione stradale a <strong>concentrazione<\/strong> di <strong>incidenti<\/strong>, <strong>incroci<\/strong> pericolosi in cui la visibilit\u00e0 \u00e8 molto scarsa, <strong>restringimenti<\/strong> della carreggiata che possono aumentare la pericolosit\u00e0 della strada, nonch\u00e9 una serie di avvisi che riceverete in modo da non dover distogliere lo sguardo dalla strada in nessun momento. Anche questo solo nella direzione della strada pericolosa o, nel caso di rotatorie, agli ingressi che lo richiedono.<\/span><\/p>\n<p style=\"text-align: center;\"><span style=\"color: #ffffff;\">Offre anche funzionalit\u00e0 avanzate come l&#8217;indicazione delle coordinate geostazionarie, l&#8217;altitudine oppure la bussola.<\/span><\/p>\n<p style=\"text-align: center;\"><span style=\"color: #ffffff;\">Kermes Plus III pu\u00f2 essere utilizzato anche sui camion dato che si adatta a tensioni di alimentazione sia a 12 V che a 24 V senza la necessit\u00e0 di alcun adattatore (riduttore di tensione).<\/span><\/p>\n<p>[\/vc_column_text][\/vc_column][\/vc_row][vc_row full_width=\u00bbstretch_row\u00bb parallax=\u00bbcontent-moving\u00bb el_class=\u00bbhome1-email\u00bb css=\u00bb.vc_custom_1653577427997{background-color: #ffffff !important;}\u00bb][vc_column][vc_column_text]<\/p>\n<h3 class=\"home3-sec-title\"><span class=\"ttwrap\">AGGIORNAMENTI GRATUITI<\/span><\/h3>\n<p>[\/vc_column_text][vc_column_text]<\/p>\n<p style=\"text-align: center;\"><span style=\"color: #000000;\">Tutti i nostri aggiornamenti sono <strong>GRATUITI<\/strong>, potenti, esclusivi, di qualit\u00e0 e raccomandati dai professionisti del settore.<\/span><\/p>\n<p>[\/vc_column_text][vc_empty_space][vc_column_text]<\/p>\n<h1 style=\"text-align: center;\"><span style=\"color: #000000;\"><strong><span style=\"font-family: andale mono, monospace;\">16 ANNI DI AGGIORNAMENTI<\/span><\/strong><\/span><\/h1>\n<p style=\"text-align: center;\">dimostrato<\/p>\n<p>[\/vc_column_text][\/vc_column][\/vc_row]<\/p>\n<\/div>","protected":false},"excerpt":{"rendered":"<p>[vc_row][vc_column][\/vc_column][\/vc_row][vc_row full_width=\u00bbstretch_row\u00bb el_class=\u00bbhome1-wcs\u00bb css=\u00bb.vc_custom_1540975848221{background-color: #ffffff !important;}\u00bb][vc_column][vc_column_text] Di cosa mi avverte? [\/vc_column_text][vc_column_text] Tutti i tipi di sistemi di sanzionamento stradale. [\/vc_column_text][vc_row_inner][vc_column_inner width=\u00bb1\/3&#8243;][vc_column_text] 1. Sistema sanzionatorio statico Tutti i tipi di sistemi sanzionatori come radar, telecamere, semafori eccetera. 2. Radar mobili Materiali di qualit\u00e0 e durevoli, in costante sviluppo e miglioramento per i nostri clienti. [\/vc_column_text][\/vc_column_inner][vc_column_inner el_class=\u00bbcol-image\u00bb [&hellip;]<\/p>\n","protected":false},"author":2,"featured_media":0,"parent":0,"menu_order":0,"comment_status":"closed","ping_status":"closed","template":"visual-template.php","meta":{"footnotes":""},"class_list":["post-3761","page","type-page","status-publish","hentry"],"yoast_head":"<!-- This site is optimized with the Yoast SEO plugin v27.5 - https:\/\/yoast.com\/product\/yoast-seo-wordpress\/ -->\n<title>Kermes Plus IV IT<\/title>\n<meta name=\"description\" content=\"Localizzatore di autevelox, telecamere, rivelatori di velocit\u00e0 media, semafori eccetera. Sicurezza stradale. Aggiornamente gratuiti.\" \/>\n<meta name=\"robots\" content=\"index, follow, max-snippet:-1, max-image-preview:large, max-video-preview:-1\" \/>\n<link rel=\"canonical\" href=\"https:\/\/www.kermesgps.com\/esp\/plus4-it\/\" \/>\n<meta property=\"og:locale\" content=\"es_ES\" \/>\n<meta property=\"og:type\" content=\"article\" \/>\n<meta property=\"og:title\" content=\"Kermes Plus IV IT\" \/>\n<meta property=\"og:description\" content=\"Localizzatore di autevelox, telecamere, rivelatori di velocit\u00e0 media, semafori eccetera. Sicurezza stradale. Aggiornamente gratuiti.\" \/>\n<meta property=\"og:url\" content=\"https:\/\/www.kermesgps.com\/esp\/plus4-it\/\" \/>\n<meta property=\"og:site_name\" content=\"Kermes GPS\" \/>\n<meta property=\"article:modified_time\" content=\"2023-10-05T11:22:09+00:00\" \/>\n<meta property=\"og:image\" content=\"https:\/\/www.kermesgps.com\/esp\/wp-content\/uploads\/2019\/01\/Logo-portada-negro.webp\" \/>\n\t<meta property=\"og:image:width\" content=\"300\" \/>\n\t<meta property=\"og:image:height\" content=\"86\" \/>\n\t<meta property=\"og:image:type\" content=\"image\/webp\" \/>\n<meta name=\"twitter:card\" content=\"summary_large_image\" \/>\n<meta name=\"twitter:label1\" content=\"Tiempo de lectura\" \/>\n\t<meta name=\"twitter:data1\" content=\"3 minutos\" \/>\n<script type=\"application\/ld+json\" class=\"yoast-schema-graph\">{\"@context\":\"https:\\\/\\\/schema.org\",\"@graph\":[{\"@type\":\"WebPage\",\"@id\":\"https:\\\/\\\/www.kermesgps.com\\\/esp\\\/plus4-it\\\/\",\"url\":\"https:\\\/\\\/www.kermesgps.com\\\/esp\\\/plus4-it\\\/\",\"name\":\"Kermes Plus IV IT\",\"isPartOf\":{\"@id\":\"https:\\\/\\\/www.kermesgps.com\\\/esp\\\/#website\"},\"datePublished\":\"2022-06-02T10:20:19+00:00\",\"dateModified\":\"2023-10-05T11:22:09+00:00\",\"description\":\"Localizzatore di autevelox, telecamere, rivelatori di velocit\u00e0 media, semafori eccetera. Sicurezza stradale. Aggiornamente gratuiti.\",\"breadcrumb\":{\"@id\":\"https:\\\/\\\/www.kermesgps.com\\\/esp\\\/plus4-it\\\/#breadcrumb\"},\"inLanguage\":\"es\",\"potentialAction\":[{\"@type\":\"ReadAction\",\"target\":[\"https:\\\/\\\/www.kermesgps.com\\\/esp\\\/plus4-it\\\/\"]}]},{\"@type\":\"BreadcrumbList\",\"@id\":\"https:\\\/\\\/www.kermesgps.com\\\/esp\\\/plus4-it\\\/#breadcrumb\",\"itemListElement\":[{\"@type\":\"ListItem\",\"position\":1,\"name\":\"Portada\",\"item\":\"https:\\\/\\\/www.kermesgps.com\\\/esp\\\/\"},{\"@type\":\"ListItem\",\"position\":2,\"name\":\"Kermes Plus IV IT\"}]},{\"@type\":\"WebSite\",\"@id\":\"https:\\\/\\\/www.kermesgps.com\\\/esp\\\/#website\",\"url\":\"https:\\\/\\\/www.kermesgps.com\\\/esp\\\/\",\"name\":\"Kermes GPS\",\"description\":\"Avisadores de radar mediante GPS\",\"publisher\":{\"@id\":\"https:\\\/\\\/www.kermesgps.com\\\/esp\\\/#organization\"},\"alternateName\":\"Kermes GPS\",\"potentialAction\":[{\"@type\":\"SearchAction\",\"target\":{\"@type\":\"EntryPoint\",\"urlTemplate\":\"https:\\\/\\\/www.kermesgps.com\\\/esp\\\/?s={search_term_string}\"},\"query-input\":{\"@type\":\"PropertyValueSpecification\",\"valueRequired\":true,\"valueName\":\"search_term_string\"}}],\"inLanguage\":\"es\"},{\"@type\":\"Organization\",\"@id\":\"https:\\\/\\\/www.kermesgps.com\\\/esp\\\/#organization\",\"name\":\"Kermes GPS\",\"url\":\"https:\\\/\\\/www.kermesgps.com\\\/esp\\\/\",\"logo\":{\"@type\":\"ImageObject\",\"inLanguage\":\"es\",\"@id\":\"https:\\\/\\\/www.kermesgps.com\\\/esp\\\/#\\\/schema\\\/logo\\\/image\\\/\",\"url\":\"https:\\\/\\\/www.kermesgps.com\\\/esp\\\/wp-content\\\/uploads\\\/2022\\\/06\\\/Logo-Nuevo-WFinder-30.png\",\"contentUrl\":\"https:\\\/\\\/www.kermesgps.com\\\/esp\\\/wp-content\\\/uploads\\\/2022\\\/06\\\/Logo-Nuevo-WFinder-30.png\",\"width\":625,\"height\":214,\"caption\":\"Kermes GPS\"},\"image\":{\"@id\":\"https:\\\/\\\/www.kermesgps.com\\\/esp\\\/#\\\/schema\\\/logo\\\/image\\\/\"},\"sameAs\":[\"https:\\\/\\\/www.kermesgps.com\\\/esp\\\/actualizaciones\\\/kp4\\\/\",\"https:\\\/\\\/www.tiktok.com\\\/@wfinderpro\"]}]}<\/script>\n<!-- \/ Yoast SEO plugin. -->","yoast_head_json":{"title":"Kermes Plus IV IT","description":"Localizzatore di autevelox, telecamere, rivelatori di velocit\u00e0 media, semafori eccetera. Sicurezza stradale. Aggiornamente gratuiti.","robots":{"index":"index","follow":"follow","max-snippet":"max-snippet:-1","max-image-preview":"max-image-preview:large","max-video-preview":"max-video-preview:-1"},"canonical":"https:\/\/www.kermesgps.com\/esp\/plus4-it\/","og_locale":"es_ES","og_type":"article","og_title":"Kermes Plus IV IT","og_description":"Localizzatore di autevelox, telecamere, rivelatori di velocit\u00e0 media, semafori eccetera. Sicurezza stradale. Aggiornamente gratuiti.","og_url":"https:\/\/www.kermesgps.com\/esp\/plus4-it\/","og_site_name":"Kermes GPS","article_modified_time":"2023-10-05T11:22:09+00:00","og_image":[{"width":300,"height":86,"url":"https:\/\/www.kermesgps.com\/esp\/wp-content\/uploads\/2019\/01\/Logo-portada-negro.webp","type":"image\/webp"}],"twitter_card":"summary_large_image","twitter_misc":{"Tiempo de lectura":"3 minutos"},"schema":{"@context":"https:\/\/schema.org","@graph":[{"@type":"WebPage","@id":"https:\/\/www.kermesgps.com\/esp\/plus4-it\/","url":"https:\/\/www.kermesgps.com\/esp\/plus4-it\/","name":"Kermes Plus IV IT","isPartOf":{"@id":"https:\/\/www.kermesgps.com\/esp\/#website"},"datePublished":"2022-06-02T10:20:19+00:00","dateModified":"2023-10-05T11:22:09+00:00","description":"Localizzatore di autevelox, telecamere, rivelatori di velocit\u00e0 media, semafori eccetera. Sicurezza stradale. Aggiornamente gratuiti.","breadcrumb":{"@id":"https:\/\/www.kermesgps.com\/esp\/plus4-it\/#breadcrumb"},"inLanguage":"es","potentialAction":[{"@type":"ReadAction","target":["https:\/\/www.kermesgps.com\/esp\/plus4-it\/"]}]},{"@type":"BreadcrumbList","@id":"https:\/\/www.kermesgps.com\/esp\/plus4-it\/#breadcrumb","itemListElement":[{"@type":"ListItem","position":1,"name":"Portada","item":"https:\/\/www.kermesgps.com\/esp\/"},{"@type":"ListItem","position":2,"name":"Kermes Plus IV IT"}]},{"@type":"WebSite","@id":"https:\/\/www.kermesgps.com\/esp\/#website","url":"https:\/\/www.kermesgps.com\/esp\/","name":"Kermes GPS","description":"Avisadores de radar mediante GPS","publisher":{"@id":"https:\/\/www.kermesgps.com\/esp\/#organization"},"alternateName":"Kermes GPS","potentialAction":[{"@type":"SearchAction","target":{"@type":"EntryPoint","urlTemplate":"https:\/\/www.kermesgps.com\/esp\/?s={search_term_string}"},"query-input":{"@type":"PropertyValueSpecification","valueRequired":true,"valueName":"search_term_string"}}],"inLanguage":"es"},{"@type":"Organization","@id":"https:\/\/www.kermesgps.com\/esp\/#organization","name":"Kermes GPS","url":"https:\/\/www.kermesgps.com\/esp\/","logo":{"@type":"ImageObject","inLanguage":"es","@id":"https:\/\/www.kermesgps.com\/esp\/#\/schema\/logo\/image\/","url":"https:\/\/www.kermesgps.com\/esp\/wp-content\/uploads\/2022\/06\/Logo-Nuevo-WFinder-30.png","contentUrl":"https:\/\/www.kermesgps.com\/esp\/wp-content\/uploads\/2022\/06\/Logo-Nuevo-WFinder-30.png","width":625,"height":214,"caption":"Kermes GPS"},"image":{"@id":"https:\/\/www.kermesgps.com\/esp\/#\/schema\/logo\/image\/"},"sameAs":["https:\/\/www.kermesgps.com\/esp\/actualizaciones\/kp4\/","https:\/\/www.tiktok.com\/@wfinderpro"]}]}},"_links":{"self":[{"href":"https:\/\/www.kermesgps.com\/esp\/wp-json\/wp\/v2\/pages\/3761","targetHints":{"allow":["GET"]}}],"collection":[{"href":"https:\/\/www.kermesgps.com\/esp\/wp-json\/wp\/v2\/pages"}],"about":[{"href":"https:\/\/www.kermesgps.com\/esp\/wp-json\/wp\/v2\/types\/page"}],"author":[{"embeddable":true,"href":"https:\/\/www.kermesgps.com\/esp\/wp-json\/wp\/v2\/users\/2"}],"replies":[{"embeddable":true,"href":"https:\/\/www.kermesgps.com\/esp\/wp-json\/wp\/v2\/comments?post=3761"}],"version-history":[{"count":0,"href":"https:\/\/www.kermesgps.com\/esp\/wp-json\/wp\/v2\/pages\/3761\/revisions"}],"wp:attachment":[{"href":"https:\/\/www.kermesgps.com\/esp\/wp-json\/wp\/v2\/media?parent=3761"}],"curies":[{"name":"wp","href":"https:\/\/api.w.org\/{rel}","templated":true}]}}