{"id":4309,"date":"2022-07-06T16:34:03","date_gmt":"2022-07-06T14:34:03","guid":{"rendered":"https:\/\/www.kermesgps.com\/esp\/?page_id=4309"},"modified":"2022-07-06T17:11:31","modified_gmt":"2022-07-06T15:11:31","slug":"noticias-pt","status":"publish","type":"page","link":"https:\/\/www.kermesgps.com\/esp\/comecar\/noticias-pt\/","title":{"rendered":"Not\u00edcias do seu interesse"},"content":{"rendered":"<div class=\"wpb-content-wrapper\"><p>[vc_row full_width=\u00bbstretch_row_content_no_spaces\u00bb el_class=\u00bbmargin-bottom-80&#8243;][vc_column][vc_empty_space][vc_column_text]<\/p>\n<h1 style=\"text-align: center;\"><span style=\"color: #ffffff; font-family: trebuchet ms, geneva, sans-serif; font-size: 36pt;\">NOTICIAS<\/span><\/h1>\n<p>[\/vc_column_text][vc_empty_space]\r\n<div class=\"js-content-wrap  blog-grid-view  \" data-column=\"3\">\r\n                        <div class=\"js-content-main list-post-wrap row\"><div class=\"blog-style-1 list-col-item list-3-item\"><div class=\"item-post item-post-default\">\r\n    <div class=\"content-post-wrap\">\r\n    <div class=\"post-thumb banner-advs zoom-image overlay-image\">\r\n        <a href=\"https:\/\/www.kermesgps.com\/esp\/novos-radares-em-lisboa-continuam-desligados-mas-tem-ja-efeito-dissuasor\/\" class=\"adv-thumb-link\">\r\n            <img loading=\"lazy\" decoding=\"async\" width=\"420\" height=\"228\" src=\"https:\/\/www.kermesgps.com\/esp\/wp-content\/uploads\/2022\/06\/\/radar_port-420x228.webp\" class=\"attachment-420x228 size-420x228 wp-post-image\" alt=\"\" \/>            <div class=\"date\"><span class=\"dt\" >15<\/span><span class=\"mnth\">Abr<\/span><\/div>\r\n        <\/a>\r\n\r\n    <\/div>\r\n    <div class=\"post-info\">\r\n        <div class=\"comments-author\">\r\n            <span class=\"author-name\"><span class=\"gray999\">By<\/span> <a class=\"color\" href=\"https:\/\/www.kermesgps.com\/esp\/author\/kermes\/\">Informaci\u00f3n Kermes<\/a><\/span>\r\n        <\/div>\r\n        <h3 class=\"title18 post-title fontosw fwe500\"><a href=\"https:\/\/www.kermesgps.com\/esp\/novos-radares-em-lisboa-continuam-desligados-mas-tem-ja-efeito-dissuasor\/\">Novos radares em Lisboa continuam desligados mas t\u00eam j\u00e1 \u00abefeito dissuasor\u00bb<\/a><\/h3>\r\n        <p class=\"desc\">[vc_row][vc_column][vc_column_text]20 dos 41 radares tem novas localiza\u00e7\u00f5es<\/p>        <div class=\"readmore-wrap\">\r\n            <a href=\"https:\/\/www.kermesgps.com\/esp\/novos-radares-em-lisboa-continuam-desligados-mas-tem-ja-efeito-dissuasor\/\" class=\"font-bold color-title readmore-text title14 text-uppercase\">Read more <i class=\"fa fa-angle-double-right\"><\/i><\/a>\r\n            <ul class=\"share-sosial list-inline-block pull-right\">\r\n                <li><a target=\"_blank\" href=\"http:\/\/www.twitter.com\/share?url=https:\/\/www.kermesgps.com\/esp\/novos-radares-em-lisboa-continuam-desligados-mas-tem-ja-efeito-dissuasor\/\" title=\"twitter\" ><i class=\"fa fa-twitter gray999\"><\/i><\/a><\/li>\r\n                <li><a target=\"_blank\" href=\"http:\/\/www.facebook.com\/sharer.php?u=https:\/\/www.kermesgps.com\/esp\/novos-radares-em-lisboa-continuam-desligados-mas-tem-ja-efeito-dissuasor\/\" title=\"facebook\" ><i class=\"fa fa-facebook gray999\"><\/i><\/a><\/li>\r\n                <li><a target=\"_blank\" href=\"http:\/\/www.facebook.com\/sharer.php?u=https:\/\/www.kermesgps.com\/esp\/novos-radares-em-lisboa-continuam-desligados-mas-tem-ja-efeito-dissuasor\/\" title=\"instagram\" ><i class=\"fa fa-instagram gray999\"><\/i><\/a><\/li>\r\n                <li><a target=\"_blank\" href=\"https:\/\/plus.google.com\/share?url=https:\/\/www.kermesgps.com\/esp\/novos-radares-em-lisboa-continuam-desligados-mas-tem-ja-efeito-dissuasor\/\" title=\"google plus\" ><i class=\"fa fa-google-plus gray999\"><\/i><\/a><\/li>\r\n            <\/ul>\r\n        <\/div>\r\n    <\/div>\r\n    <\/div>\r\n<\/div>\r\n<\/div><div class=\"blog-style-1 list-col-item list-3-item\"><div class=\"item-post item-post-default\">\r\n    <div class=\"content-post-wrap\">\r\n    <div class=\"post-thumb banner-advs zoom-image overlay-image\">\r\n        <a href=\"https:\/\/www.kermesgps.com\/esp\/novo-tipo-de-controlo-radares-de-velocidade-media\/\" class=\"adv-thumb-link\">\r\n            <img loading=\"lazy\" decoding=\"async\" width=\"420\" height=\"228\" src=\"https:\/\/www.kermesgps.com\/esp\/wp-content\/uploads\/2022\/06\/\/radar_pt-420x228.webp\" class=\"attachment-420x228 size-420x228 wp-post-image\" alt=\"\" \/>            <div class=\"date\"><span class=\"dt\" >25<\/span><span class=\"mnth\">Mar<\/span><\/div>\r\n        <\/a>\r\n\r\n    <\/div>\r\n    <div class=\"post-info\">\r\n        <div class=\"comments-author\">\r\n            <span class=\"author-name\"><span class=\"gray999\">By<\/span> <a class=\"color\" href=\"https:\/\/www.kermesgps.com\/esp\/author\/kermes\/\">Informaci\u00f3n Kermes<\/a><\/span>\r\n        <\/div>\r\n        <h3 class=\"title18 post-title fontosw fwe500\"><a href=\"https:\/\/www.kermesgps.com\/esp\/novo-tipo-de-controlo-radares-de-velocidade-media\/\">Novo tipo de controlo: Radares de velocidade m\u00e9dia<\/a><\/h3>\r\n        <p class=\"desc\">[vc_row][vc_column][vc_column_text] S\u00e3o a novidade nas estradas portuguesas<\/p>        <div class=\"readmore-wrap\">\r\n            <a href=\"https:\/\/www.kermesgps.com\/esp\/novo-tipo-de-controlo-radares-de-velocidade-media\/\" class=\"font-bold color-title readmore-text title14 text-uppercase\">Read more <i class=\"fa fa-angle-double-right\"><\/i><\/a>\r\n            <ul class=\"share-sosial list-inline-block pull-right\">\r\n                <li><a target=\"_blank\" href=\"http:\/\/www.twitter.com\/share?url=https:\/\/www.kermesgps.com\/esp\/novo-tipo-de-controlo-radares-de-velocidade-media\/\" title=\"twitter\" ><i class=\"fa fa-twitter gray999\"><\/i><\/a><\/li>\r\n                <li><a target=\"_blank\" href=\"http:\/\/www.facebook.com\/sharer.php?u=https:\/\/www.kermesgps.com\/esp\/novo-tipo-de-controlo-radares-de-velocidade-media\/\" title=\"facebook\" ><i class=\"fa fa-facebook gray999\"><\/i><\/a><\/li>\r\n                <li><a target=\"_blank\" href=\"http:\/\/www.facebook.com\/sharer.php?u=https:\/\/www.kermesgps.com\/esp\/novo-tipo-de-controlo-radares-de-velocidade-media\/\" title=\"instagram\" ><i class=\"fa fa-instagram gray999\"><\/i><\/a><\/li>\r\n                <li><a target=\"_blank\" href=\"https:\/\/plus.google.com\/share?url=https:\/\/www.kermesgps.com\/esp\/novo-tipo-de-controlo-radares-de-velocidade-media\/\" title=\"google plus\" ><i class=\"fa fa-google-plus gray999\"><\/i><\/a><\/li>\r\n            <\/ul>\r\n        <\/div>\r\n    <\/div>\r\n    <\/div>\r\n<\/div>\r\n<\/div><div class=\"blog-style-1 list-col-item list-3-item\"><div class=\"item-post item-post-default\">\r\n    <div class=\"content-post-wrap\">\r\n    <div class=\"post-thumb banner-advs zoom-image overlay-image\">\r\n        <a href=\"https:\/\/www.kermesgps.com\/esp\/radar-de-velocidade-media-ja-esta-sinalizado-na-ponte-vasco-da-gama\/\" class=\"adv-thumb-link\">\r\n            <img loading=\"lazy\" decoding=\"async\" width=\"420\" height=\"228\" src=\"https:\/\/www.kermesgps.com\/esp\/wp-content\/uploads\/2022\/07\/\/Vasco_da_Gama-420x228.webp\" class=\"attachment-420x228 size-420x228 wp-post-image\" alt=\"\" \/>            <div class=\"date\"><span class=\"dt\" >24<\/span><span class=\"mnth\">Sep<\/span><\/div>\r\n        <\/a>\r\n\r\n    <\/div>\r\n    <div class=\"post-info\">\r\n        <div class=\"comments-author\">\r\n            <span class=\"author-name\"><span class=\"gray999\">By<\/span> <a class=\"color\" href=\"https:\/\/www.kermesgps.com\/esp\/author\/kermes\/\">Informaci\u00f3n Kermes<\/a><\/span>\r\n        <\/div>\r\n        <h3 class=\"title18 post-title fontosw fwe500\"><a href=\"https:\/\/www.kermesgps.com\/esp\/radar-de-velocidade-media-ja-esta-sinalizado-na-ponte-vasco-da-gama\/\">Radar de velocidade m\u00e9dia j\u00e1 est\u00e1 sinalizado na Ponte Vasco da Gama<\/a><\/h3>\r\n        <p class=\"desc\">[vc_row][vc_column][vc_empty_space][vc_column_text]O novo sistema de controlo<\/p>        <div class=\"readmore-wrap\">\r\n            <a href=\"https:\/\/www.kermesgps.com\/esp\/radar-de-velocidade-media-ja-esta-sinalizado-na-ponte-vasco-da-gama\/\" class=\"font-bold color-title readmore-text title14 text-uppercase\">Read more <i class=\"fa fa-angle-double-right\"><\/i><\/a>\r\n            <ul class=\"share-sosial list-inline-block pull-right\">\r\n                <li><a target=\"_blank\" href=\"http:\/\/www.twitter.com\/share?url=https:\/\/www.kermesgps.com\/esp\/radar-de-velocidade-media-ja-esta-sinalizado-na-ponte-vasco-da-gama\/\" title=\"twitter\" ><i class=\"fa fa-twitter gray999\"><\/i><\/a><\/li>\r\n                <li><a target=\"_blank\" href=\"http:\/\/www.facebook.com\/sharer.php?u=https:\/\/www.kermesgps.com\/esp\/radar-de-velocidade-media-ja-esta-sinalizado-na-ponte-vasco-da-gama\/\" title=\"facebook\" ><i class=\"fa fa-facebook gray999\"><\/i><\/a><\/li>\r\n                <li><a target=\"_blank\" href=\"http:\/\/www.facebook.com\/sharer.php?u=https:\/\/www.kermesgps.com\/esp\/radar-de-velocidade-media-ja-esta-sinalizado-na-ponte-vasco-da-gama\/\" title=\"instagram\" ><i class=\"fa fa-instagram gray999\"><\/i><\/a><\/li>\r\n                <li><a target=\"_blank\" href=\"https:\/\/plus.google.com\/share?url=https:\/\/www.kermesgps.com\/esp\/radar-de-velocidade-media-ja-esta-sinalizado-na-ponte-vasco-da-gama\/\" title=\"google plus\" ><i class=\"fa fa-google-plus gray999\"><\/i><\/a><\/li>\r\n            <\/ul>\r\n        <\/div>\r\n    <\/div>\r\n    <\/div>\r\n<\/div>\r\n<\/div><div class=\"blog-style-1 list-col-item list-3-item\"><div class=\"item-post item-post-default\">\r\n    <div class=\"content-post-wrap\">\r\n    <div class=\"post-thumb banner-advs zoom-image overlay-image\">\r\n        <a href=\"https:\/\/www.kermesgps.com\/esp\/detetores-de-radares-de-velocidade-legais-ou-ilegais\/\" class=\"adv-thumb-link\">\r\n            <img loading=\"lazy\" decoding=\"async\" width=\"420\" height=\"228\" src=\"https:\/\/www.kermesgps.com\/esp\/wp-content\/uploads\/2022\/06\/\/Radares-Portugal-420x228.webp\" class=\"attachment-420x228 size-420x228 wp-post-image\" alt=\"\" \/>            <div class=\"date\"><span class=\"dt\" >17<\/span><span class=\"mnth\">Jun<\/span><\/div>\r\n        <\/a>\r\n\r\n    <\/div>\r\n    <div class=\"post-info\">\r\n        <div class=\"comments-author\">\r\n            <span class=\"author-name\"><span class=\"gray999\">By<\/span> <a class=\"color\" href=\"https:\/\/www.kermesgps.com\/esp\/author\/kermes\/\">Informaci\u00f3n Kermes<\/a><\/span>\r\n        <\/div>\r\n        <h3 class=\"title18 post-title fontosw fwe500\"><a href=\"https:\/\/www.kermesgps.com\/esp\/detetores-de-radares-de-velocidade-legais-ou-ilegais\/\">Detetores de radares de velocidade. Legais ou ilegais?<\/a><\/h3>\r\n        <p class=\"desc\">[vc_row][vc_column][vc_column_text]N\u00e3o vale a pena adiar a resposta sobre<\/p>        <div class=\"readmore-wrap\">\r\n            <a href=\"https:\/\/www.kermesgps.com\/esp\/detetores-de-radares-de-velocidade-legais-ou-ilegais\/\" class=\"font-bold color-title readmore-text title14 text-uppercase\">Read more <i class=\"fa fa-angle-double-right\"><\/i><\/a>\r\n            <ul class=\"share-sosial list-inline-block pull-right\">\r\n                <li><a target=\"_blank\" href=\"http:\/\/www.twitter.com\/share?url=https:\/\/www.kermesgps.com\/esp\/detetores-de-radares-de-velocidade-legais-ou-ilegais\/\" title=\"twitter\" ><i class=\"fa fa-twitter gray999\"><\/i><\/a><\/li>\r\n                <li><a target=\"_blank\" href=\"http:\/\/www.facebook.com\/sharer.php?u=https:\/\/www.kermesgps.com\/esp\/detetores-de-radares-de-velocidade-legais-ou-ilegais\/\" title=\"facebook\" ><i class=\"fa fa-facebook gray999\"><\/i><\/a><\/li>\r\n                <li><a target=\"_blank\" href=\"http:\/\/www.facebook.com\/sharer.php?u=https:\/\/www.kermesgps.com\/esp\/detetores-de-radares-de-velocidade-legais-ou-ilegais\/\" title=\"instagram\" ><i class=\"fa fa-instagram gray999\"><\/i><\/a><\/li>\r\n                <li><a target=\"_blank\" href=\"https:\/\/plus.google.com\/share?url=https:\/\/www.kermesgps.com\/esp\/detetores-de-radares-de-velocidade-legais-ou-ilegais\/\" title=\"google plus\" ><i class=\"fa fa-google-plus gray999\"><\/i><\/a><\/li>\r\n            <\/ul>\r\n        <\/div>\r\n    <\/div>\r\n    <\/div>\r\n<\/div>\r\n<\/div><\/div>    <div class=\"pagi-nav text-center \">\r\n            <\/div>\r\n<\/div>[\/vc_column][\/vc_row]<\/p>\n<\/div>","protected":false},"excerpt":{"rendered":"<p>[vc_row full_width=\u00bbstretch_row_content_no_spaces\u00bb el_class=\u00bbmargin-bottom-80&#8243;][vc_column][vc_empty_space][vc_column_text] NOTICIAS [\/vc_column_text][vc_empty_space][\/vc_column][\/vc_row]<\/p>\n","protected":false},"author":2,"featured_media":0,"parent":3669,"menu_order":0,"comment_status":"closed","ping_status":"closed","template":"visual-template.php","meta":{"footnotes":""},"class_list":["post-4309","page","type-page","status-publish","hentry"],"yoast_head":"<!-- This site is optimized with the Yoast SEO plugin v27.5 - https:\/\/yoast.com\/product\/yoast-seo-wordpress\/ -->\n<title>Not\u00edcias do seu interesse - Kermes GPS<\/title>\n<meta name=\"robots\" content=\"index, follow, max-snippet:-1, max-image-preview:large, max-video-preview:-1\" \/>\n<link rel=\"canonical\" href=\"https:\/\/www.kermesgps.com\/esp\/comecar\/noticias-pt\/\" \/>\n<meta property=\"og:locale\" content=\"es_ES\" \/>\n<meta property=\"og:type\" content=\"article\" \/>\n<meta property=\"og:title\" content=\"Not\u00edcias do seu interesse - Kermes GPS\" \/>\n<meta property=\"og:description\" content=\"[vc_row full_width=\u00bbstretch_row_content_no_spaces\u00bb el_class=\u00bbmargin-bottom-80&#8243;][vc_column][vc_empty_space][vc_column_text] NOTICIAS [\/vc_column_text][vc_empty_space][\/vc_column][\/vc_row]\" \/>\n<meta property=\"og:url\" content=\"https:\/\/www.kermesgps.com\/esp\/comecar\/noticias-pt\/\" \/>\n<meta property=\"og:site_name\" content=\"Kermes GPS\" \/>\n<meta property=\"article:modified_time\" content=\"2022-07-06T15:11:31+00:00\" \/>\n<meta property=\"og:image\" content=\"https:\/\/www.kermesgps.com\/esp\/wp-content\/uploads\/2019\/01\/Logo-portada-negro.webp\" \/>\n\t<meta property=\"og:image:width\" content=\"300\" \/>\n\t<meta property=\"og:image:height\" content=\"86\" \/>\n\t<meta property=\"og:image:type\" content=\"image\/webp\" \/>\n<meta name=\"twitter:card\" content=\"summary_large_image\" \/>\n<script type=\"application\/ld+json\" class=\"yoast-schema-graph\">{\"@context\":\"https:\\\/\\\/schema.org\",\"@graph\":[{\"@type\":\"WebPage\",\"@id\":\"https:\\\/\\\/www.kermesgps.com\\\/esp\\\/comecar\\\/noticias-pt\\\/\",\"url\":\"https:\\\/\\\/www.kermesgps.com\\\/esp\\\/comecar\\\/noticias-pt\\\/\",\"name\":\"Not\u00edcias do seu interesse - Kermes GPS\",\"isPartOf\":{\"@id\":\"https:\\\/\\\/www.kermesgps.com\\\/esp\\\/#website\"},\"datePublished\":\"2022-07-06T14:34:03+00:00\",\"dateModified\":\"2022-07-06T15:11:31+00:00\",\"breadcrumb\":{\"@id\":\"https:\\\/\\\/www.kermesgps.com\\\/esp\\\/comecar\\\/noticias-pt\\\/#breadcrumb\"},\"inLanguage\":\"es\",\"potentialAction\":[{\"@type\":\"ReadAction\",\"target\":[\"https:\\\/\\\/www.kermesgps.com\\\/esp\\\/comecar\\\/noticias-pt\\\/\"]}]},{\"@type\":\"BreadcrumbList\",\"@id\":\"https:\\\/\\\/www.kermesgps.com\\\/esp\\\/comecar\\\/noticias-pt\\\/#breadcrumb\",\"itemListElement\":[{\"@type\":\"ListItem\",\"position\":1,\"name\":\"Portada\",\"item\":\"https:\\\/\\\/www.kermesgps.com\\\/esp\\\/\"},{\"@type\":\"ListItem\",\"position\":2,\"name\":\"Come\u00e7ar\",\"item\":\"https:\\\/\\\/www.kermesgps.com\\\/esp\\\/comecar\\\/\"},{\"@type\":\"ListItem\",\"position\":3,\"name\":\"Not\u00edcias do seu interesse\"}]},{\"@type\":\"WebSite\",\"@id\":\"https:\\\/\\\/www.kermesgps.com\\\/esp\\\/#website\",\"url\":\"https:\\\/\\\/www.kermesgps.com\\\/esp\\\/\",\"name\":\"Kermes GPS\",\"description\":\"Avisadores de radar mediante GPS\",\"publisher\":{\"@id\":\"https:\\\/\\\/www.kermesgps.com\\\/esp\\\/#organization\"},\"alternateName\":\"Kermes GPS\",\"potentialAction\":[{\"@type\":\"SearchAction\",\"target\":{\"@type\":\"EntryPoint\",\"urlTemplate\":\"https:\\\/\\\/www.kermesgps.com\\\/esp\\\/?s={search_term_string}\"},\"query-input\":{\"@type\":\"PropertyValueSpecification\",\"valueRequired\":true,\"valueName\":\"search_term_string\"}}],\"inLanguage\":\"es\"},{\"@type\":\"Organization\",\"@id\":\"https:\\\/\\\/www.kermesgps.com\\\/esp\\\/#organization\",\"name\":\"Kermes GPS\",\"url\":\"https:\\\/\\\/www.kermesgps.com\\\/esp\\\/\",\"logo\":{\"@type\":\"ImageObject\",\"inLanguage\":\"es\",\"@id\":\"https:\\\/\\\/www.kermesgps.com\\\/esp\\\/#\\\/schema\\\/logo\\\/image\\\/\",\"url\":\"https:\\\/\\\/www.kermesgps.com\\\/esp\\\/wp-content\\\/uploads\\\/2022\\\/06\\\/Logo-Nuevo-WFinder-30.png\",\"contentUrl\":\"https:\\\/\\\/www.kermesgps.com\\\/esp\\\/wp-content\\\/uploads\\\/2022\\\/06\\\/Logo-Nuevo-WFinder-30.png\",\"width\":625,\"height\":214,\"caption\":\"Kermes GPS\"},\"image\":{\"@id\":\"https:\\\/\\\/www.kermesgps.com\\\/esp\\\/#\\\/schema\\\/logo\\\/image\\\/\"},\"sameAs\":[\"https:\\\/\\\/www.kermesgps.com\\\/esp\\\/actualizaciones\\\/kp4\\\/\",\"https:\\\/\\\/www.tiktok.com\\\/@wfinderpro\"]}]}<\/script>\n<!-- \/ Yoast SEO plugin. -->","yoast_head_json":{"title":"Not\u00edcias do seu interesse - Kermes GPS","robots":{"index":"index","follow":"follow","max-snippet":"max-snippet:-1","max-image-preview":"max-image-preview:large","max-video-preview":"max-video-preview:-1"},"canonical":"https:\/\/www.kermesgps.com\/esp\/comecar\/noticias-pt\/","og_locale":"es_ES","og_type":"article","og_title":"Not\u00edcias do seu interesse - Kermes GPS","og_description":"[vc_row full_width=\u00bbstretch_row_content_no_spaces\u00bb el_class=\u00bbmargin-bottom-80&#8243;][vc_column][vc_empty_space][vc_column_text] NOTICIAS [\/vc_column_text][vc_empty_space][\/vc_column][\/vc_row]","og_url":"https:\/\/www.kermesgps.com\/esp\/comecar\/noticias-pt\/","og_site_name":"Kermes GPS","article_modified_time":"2022-07-06T15:11:31+00:00","og_image":[{"width":300,"height":86,"url":"https:\/\/www.kermesgps.com\/esp\/wp-content\/uploads\/2019\/01\/Logo-portada-negro.webp","type":"image\/webp"}],"twitter_card":"summary_large_image","schema":{"@context":"https:\/\/schema.org","@graph":[{"@type":"WebPage","@id":"https:\/\/www.kermesgps.com\/esp\/comecar\/noticias-pt\/","url":"https:\/\/www.kermesgps.com\/esp\/comecar\/noticias-pt\/","name":"Not\u00edcias do seu interesse - Kermes GPS","isPartOf":{"@id":"https:\/\/www.kermesgps.com\/esp\/#website"},"datePublished":"2022-07-06T14:34:03+00:00","dateModified":"2022-07-06T15:11:31+00:00","breadcrumb":{"@id":"https:\/\/www.kermesgps.com\/esp\/comecar\/noticias-pt\/#breadcrumb"},"inLanguage":"es","potentialAction":[{"@type":"ReadAction","target":["https:\/\/www.kermesgps.com\/esp\/comecar\/noticias-pt\/"]}]},{"@type":"BreadcrumbList","@id":"https:\/\/www.kermesgps.com\/esp\/comecar\/noticias-pt\/#breadcrumb","itemListElement":[{"@type":"ListItem","position":1,"name":"Portada","item":"https:\/\/www.kermesgps.com\/esp\/"},{"@type":"ListItem","position":2,"name":"Come\u00e7ar","item":"https:\/\/www.kermesgps.com\/esp\/comecar\/"},{"@type":"ListItem","position":3,"name":"Not\u00edcias do seu interesse"}]},{"@type":"WebSite","@id":"https:\/\/www.kermesgps.com\/esp\/#website","url":"https:\/\/www.kermesgps.com\/esp\/","name":"Kermes GPS","description":"Avisadores de radar mediante GPS","publisher":{"@id":"https:\/\/www.kermesgps.com\/esp\/#organization"},"alternateName":"Kermes GPS","potentialAction":[{"@type":"SearchAction","target":{"@type":"EntryPoint","urlTemplate":"https:\/\/www.kermesgps.com\/esp\/?s={search_term_string}"},"query-input":{"@type":"PropertyValueSpecification","valueRequired":true,"valueName":"search_term_string"}}],"inLanguage":"es"},{"@type":"Organization","@id":"https:\/\/www.kermesgps.com\/esp\/#organization","name":"Kermes GPS","url":"https:\/\/www.kermesgps.com\/esp\/","logo":{"@type":"ImageObject","inLanguage":"es","@id":"https:\/\/www.kermesgps.com\/esp\/#\/schema\/logo\/image\/","url":"https:\/\/www.kermesgps.com\/esp\/wp-content\/uploads\/2022\/06\/Logo-Nuevo-WFinder-30.png","contentUrl":"https:\/\/www.kermesgps.com\/esp\/wp-content\/uploads\/2022\/06\/Logo-Nuevo-WFinder-30.png","width":625,"height":214,"caption":"Kermes GPS"},"image":{"@id":"https:\/\/www.kermesgps.com\/esp\/#\/schema\/logo\/image\/"},"sameAs":["https:\/\/www.kermesgps.com\/esp\/actualizaciones\/kp4\/","https:\/\/www.tiktok.com\/@wfinderpro"]}]}},"_links":{"self":[{"href":"https:\/\/www.kermesgps.com\/esp\/wp-json\/wp\/v2\/pages\/4309","targetHints":{"allow":["GET"]}}],"collection":[{"href":"https:\/\/www.kermesgps.com\/esp\/wp-json\/wp\/v2\/pages"}],"about":[{"href":"https:\/\/www.kermesgps.com\/esp\/wp-json\/wp\/v2\/types\/page"}],"author":[{"embeddable":true,"href":"https:\/\/www.kermesgps.com\/esp\/wp-json\/wp\/v2\/users\/2"}],"replies":[{"embeddable":true,"href":"https:\/\/www.kermesgps.com\/esp\/wp-json\/wp\/v2\/comments?post=4309"}],"version-history":[{"count":0,"href":"https:\/\/www.kermesgps.com\/esp\/wp-json\/wp\/v2\/pages\/4309\/revisions"}],"up":[{"embeddable":true,"href":"https:\/\/www.kermesgps.com\/esp\/wp-json\/wp\/v2\/pages\/3669"}],"wp:attachment":[{"href":"https:\/\/www.kermesgps.com\/esp\/wp-json\/wp\/v2\/media?parent=4309"}],"curies":[{"name":"wp","href":"https:\/\/api.w.org\/{rel}","templated":true}]}}