{"id":4521,"date":"2022-10-05T10:20:39","date_gmt":"2022-10-05T08:20:39","guid":{"rendered":"https:\/\/www.kermesgps.com\/esp\/?page_id=4521"},"modified":"2022-10-06T19:13:43","modified_gmt":"2022-10-06T17:13:43","slug":"introducao_dados","status":"publish","type":"page","link":"https:\/\/www.kermesgps.com\/esp\/comecar\/introducao_dados\/","title":{"rendered":"Introdu\u00e7\u00e3o de dados"},"content":{"rendered":"<div class=\"wpb-content-wrapper\"><p>[vc_row][vc_column width=\u00bb1\/2&#8243;]\n<div class=\"wpcf7 no-js\" id=\"wpcf7-f4524-o1\" lang=\"es-ES\" dir=\"ltr\" data-wpcf7-id=\"4524\">\n<div class=\"screen-reader-response\"><p role=\"status\" aria-live=\"polite\" aria-atomic=\"true\"><\/p> <ul><\/ul><\/div>\n<form action=\"\/esp\/wp-json\/wp\/v2\/pages\/4521#wpcf7-f4524-o1\" method=\"post\" class=\"wpcf7-form init\" aria-label=\"Formulario de contacto\" novalidate=\"novalidate\" data-status=\"init\">\n<fieldset class=\"hidden-fields-container\"><input type=\"hidden\" name=\"_wpcf7\" value=\"4524\" \/><input type=\"hidden\" name=\"_wpcf7_version\" value=\"6.1.5\" \/><input type=\"hidden\" name=\"_wpcf7_locale\" value=\"es_ES\" \/><input type=\"hidden\" name=\"_wpcf7_unit_tag\" value=\"wpcf7-f4524-o1\" \/><input type=\"hidden\" name=\"_wpcf7_container_post\" value=\"0\" \/><input type=\"hidden\" name=\"_wpcf7_posted_data_hash\" value=\"\" \/>\n<\/fieldset>\n<p><label> O seu nome<br \/>\n<span class=\"wpcf7-form-control-wrap\" data-name=\"your-name\"><input size=\"40\" maxlength=\"400\" class=\"wpcf7-form-control wpcf7-text wpcf7-validates-as-required\" aria-required=\"true\" aria-invalid=\"false\" value=\"\" type=\"text\" name=\"your-name\" \/><\/span> <\/label>\n<\/p>\n<p><label> O seu endere\u00e7o de e-mail<br \/>\n<span class=\"wpcf7-form-control-wrap\" data-name=\"your-email\"><input size=\"40\" maxlength=\"400\" class=\"wpcf7-form-control wpcf7-email wpcf7-validates-as-required wpcf7-text wpcf7-validates-as-email\" aria-required=\"true\" aria-invalid=\"false\" value=\"\" type=\"email\" name=\"your-email\" \/><\/span> <\/label>\n<\/p>\n<p><label> Assunto<br \/>\n<span class=\"wpcf7-form-control-wrap\" data-name=\"your-subject\"><input size=\"40\" maxlength=\"400\" class=\"wpcf7-form-control wpcf7-text wpcf7-validates-as-required\" aria-required=\"true\" aria-invalid=\"false\" value=\"\" type=\"text\" name=\"your-subject\" \/><\/span> <\/label>\n<\/p>\n<p><label> A sua mensagem (informa\u00e7\u00e3o que pode fornecer)<br \/>\n<span class=\"wpcf7-form-control-wrap\" data-name=\"your-message\"><textarea cols=\"40\" rows=\"10\" maxlength=\"2000\" class=\"wpcf7-form-control wpcf7-textarea\" aria-invalid=\"false\" name=\"your-message\"><\/textarea><\/span> <\/label>\n<\/p>\n<p><label> Op\u00e7\u00f5es de modifica\u00e7\u00e3o<br \/>\n<span class=\"wpcf7-form-control-wrap\" data-name=\"menu-coord-es\"><select class=\"wpcf7-form-control wpcf7-select wpcf7-validates-as-required\" aria-required=\"true\" aria-invalid=\"false\" name=\"menu-coord-es\"><option value=\"\">&#8212;Por favor, elige una opci\u00f3n&#8212;<\/option><option value=\"Adicionar\">Adicionar<\/option><option value=\"Eliminar\">Eliminar<\/option><option value=\"Modificar\">Modificar<\/option><\/select><\/span> <\/label>\n<\/p>\n<p><label> Seleccione el tipo de aviso<br \/>\n<span class=\"wpcf7-form-control-wrap\" data-name=\"menu-tipo-es\"><select class=\"wpcf7-form-control wpcf7-select wpcf7-validates-as-required\" aria-required=\"true\" aria-invalid=\"false\" name=\"menu-tipo-es\"><option value=\"\">&#8212;Por favor, elige una opci\u00f3n&#8212;<\/option><option value=\"Radar fixo\">Radar fixo<\/option><option value=\"Radar m\u00f3vel\">Radar m\u00f3vel<\/option><option value=\"Velocidade M\u00e9dia\">Velocidade M\u00e9dia<\/option><option value=\"C\u00e2mara de sem\u00e1foro\">C\u00e2mara de sem\u00e1foro<\/option><option value=\"\u00c1rea restrita\">\u00c1rea restrita<\/option><\/select><\/span> <\/label>\n<\/p>\n<p><label> Estrada<br \/>\n<span class=\"wpcf7-form-control-wrap\" data-name=\"carretera\"><input size=\"40\" maxlength=\"400\" class=\"wpcf7-form-control wpcf7-text wpcf7-validates-as-required\" aria-required=\"true\" aria-invalid=\"false\" value=\"\" type=\"text\" name=\"carretera\" \/><\/span> <\/label>\n<\/p>\n<p><label> Ponto quilom\u00e9trico (se conhecido)<br \/>\n<span class=\"wpcf7-form-control-wrap\" data-name=\"number-km\"><input class=\"wpcf7-form-control wpcf7-number wpcf7-validates-as-number\" aria-invalid=\"false\" value=\"\" type=\"number\" name=\"number-km\" \/><\/span> <\/label>\n<\/p>\n<p><label> Na direc\u00e7\u00e3o de<br \/>\n<span class=\"wpcf7-form-control-wrap\" data-name=\"text-sentido\"><input size=\"40\" maxlength=\"400\" class=\"wpcf7-form-control wpcf7-text wpcf7-validates-as-required\" aria-required=\"true\" aria-invalid=\"false\" value=\"\" type=\"text\" name=\"text-sentido\" \/><\/span> <\/label>\n<\/p>\n<p><label> Coordenadas (seguir as instru\u00e7\u00f5es do lado direito)<br \/>\nColar utilizando Ctrl+V<br \/>\n<span class=\"wpcf7-form-control-wrap\" data-name=\"url-509\"><input size=\"40\" maxlength=\"400\" class=\"wpcf7-form-control wpcf7-url wpcf7-validates-as-required wpcf7-text wpcf7-validates-as-url\" aria-required=\"true\" aria-invalid=\"false\" value=\"\" type=\"url\" name=\"url-509\" \/><\/span> <\/label>\n<\/p>\n<p><input class=\"wpcf7-form-control wpcf7-submit has-spinner\" type=\"submit\" value=\"Enviar\" \/>\n<\/p><input type='hidden' class='wpcf7-pum' value='{\"closepopup\":false,\"closedelay\":0,\"openpopup\":false,\"openpopup_id\":0}' \/><div class=\"wpcf7-response-output\" aria-hidden=\"true\"><\/div>\n<\/form>\n<\/div>\n[\/vc_column][vc_column width=\u00bb1\/2&#8243;][vc_btn title=\u00bbABRIR GOOGLE MAPS\u00bb color=\u00bbwarning\u00bb size=\u00bblg\u00bb i_icon_fontawesome=\u00bbfas fa-map-marked\u00bb add_icon=\u00bbtrue\u00bb link=\u00bburl:https%3A%2F%2Fwww.google.pt%2Fmaps%2F%4039.7839776%2C-7.7223836%2C7.25z|title:Abrir%20Google%20Maps|target:_blank\u00bb][vc_column_text]Instru\u00e7\u00f5es para as coordenadas:<\/p>\n<p>1.- Abrir o Google Maps a partir do bot\u00e3o<\/p>\n<p>2.- Encontre o ponto sobre o qual nos quer falar<\/p>\n<p>3.- Clique uma vez com o bot\u00e3o esquerdo do rato no ponto, e aparecer\u00e1 uma janela com as coordenadas no fundo<\/p>\n<p><img loading=\"lazy\" decoding=\"async\" class=\"alignnone wp-image-4632 size-medium\" src=\"https:\/\/www.kermesgps.com\/esp\/wp-content\/uploads\/2022\/10\/CPT1-300x85.jpg\" alt=\"\" width=\"300\" height=\"85\" srcset=\"https:\/\/www.kermesgps.com\/esp\/wp-content\/uploads\/2022\/10\/CPT1-300x85.jpg 300w, https:\/\/www.kermesgps.com\/esp\/wp-content\/uploads\/2022\/10\/CPT1-350x100.jpg 350w, https:\/\/www.kermesgps.com\/esp\/wp-content\/uploads\/2022\/10\/CPT1.jpg 397w\" sizes=\"auto, (max-width: 300px) 100vw, 300px\" \/><\/p>\n<p>4.- Clique nas coordenadas e uma janela como esta abrir-se-\u00e1:<\/p>\n<p><img loading=\"lazy\" decoding=\"async\" class=\"alignnone wp-image-4633 size-medium\" src=\"https:\/\/www.kermesgps.com\/esp\/wp-content\/uploads\/2022\/10\/CPT2-300x300.jpg\" alt=\"\" width=\"300\" height=\"300\" srcset=\"https:\/\/www.kermesgps.com\/esp\/wp-content\/uploads\/2022\/10\/CPT2-300x300.jpg 300w, https:\/\/www.kermesgps.com\/esp\/wp-content\/uploads\/2022\/10\/CPT2-150x150.jpg 150w, https:\/\/www.kermesgps.com\/esp\/wp-content\/uploads\/2022\/10\/CPT2.jpg 408w\" sizes=\"auto, (max-width: 300px) 100vw, 300px\" \/><\/p>\n<p>5.- Clique em \u00abCompartilhar\u00bb<\/p>\n<p>6.- Uma outra janela como esta abrir-se-\u00e1:<\/p>\n<p><img loading=\"lazy\" decoding=\"async\" class=\"alignnone wp-image-4641 size-medium\" src=\"https:\/\/www.kermesgps.com\/esp\/wp-content\/uploads\/2022\/10\/CPT3-1-300x176.jpg\" alt=\"\" width=\"300\" height=\"176\" srcset=\"https:\/\/www.kermesgps.com\/esp\/wp-content\/uploads\/2022\/10\/CPT3-1-300x176.jpg 300w, https:\/\/www.kermesgps.com\/esp\/wp-content\/uploads\/2022\/10\/CPT3-1.jpg 415w\" sizes=\"auto, (max-width: 300px) 100vw, 300px\" \/><\/p>\n<p>7.- Clique em \u00abCopy Link\u00bb e cole a informa\u00e7\u00e3o na caixa \u00abCoordenadas\u00bb do formul\u00e1rio[\/vc_column_text][\/vc_column][\/vc_row]<\/p>\n<\/div>","protected":false},"excerpt":{"rendered":"<p>[vc_row][vc_column width=\u00bb1\/2&#8243;][\/vc_column][vc_column width=\u00bb1\/2&#8243;][vc_btn title=\u00bbABRIR GOOGLE MAPS\u00bb color=\u00bbwarning\u00bb size=\u00bblg\u00bb i_icon_fontawesome=\u00bbfas fa-map-marked\u00bb add_icon=\u00bbtrue\u00bb link=\u00bburl:https%3A%2F%2Fwww.google.pt%2Fmaps%2F%4039.7839776%2C-7.7223836%2C7.25z|title:Abrir%20Google%20Maps|target:_blank\u00bb][vc_column_text]Instru\u00e7\u00f5es para as coordenadas: 1.- Abrir o Google Maps a partir do bot\u00e3o 2.- Encontre o ponto sobre o qual nos quer falar 3.- Clique uma vez com o bot\u00e3o esquerdo do rato no ponto, e aparecer\u00e1 uma janela com as coordenadas no fundo [&hellip;]<\/p>\n","protected":false},"author":2,"featured_media":0,"parent":3669,"menu_order":0,"comment_status":"closed","ping_status":"closed","template":"","meta":{"footnotes":""},"class_list":["post-4521","page","type-page","status-publish","hentry"],"yoast_head":"<!-- This site is optimized with the Yoast SEO plugin v27.5 - https:\/\/yoast.com\/product\/yoast-seo-wordpress\/ -->\n<title>Introdu\u00e7\u00e3o de dados - Kermes GPS<\/title>\n<meta name=\"robots\" content=\"index, follow, max-snippet:-1, max-image-preview:large, max-video-preview:-1\" \/>\n<link rel=\"canonical\" href=\"https:\/\/www.kermesgps.com\/esp\/comecar\/introducao_dados\/\" \/>\n<meta property=\"og:locale\" content=\"es_ES\" \/>\n<meta property=\"og:type\" content=\"article\" \/>\n<meta property=\"og:title\" content=\"Introdu\u00e7\u00e3o de dados - Kermes GPS\" \/>\n<meta property=\"og:description\" content=\"[vc_row][vc_column width=\u00bb1\/2&#8243;][\/vc_column][vc_column width=\u00bb1\/2&#8243;][vc_btn title=\u00bbABRIR GOOGLE MAPS\u00bb color=\u00bbwarning\u00bb size=\u00bblg\u00bb i_icon_fontawesome=\u00bbfas fa-map-marked\u00bb add_icon=\u00bbtrue\u00bb link=\u00bburl:https%3A%2F%2Fwww.google.pt%2Fmaps%2F%4039.7839776%2C-7.7223836%2C7.25z|title:Abrir%20Google%20Maps|target:_blank\u00bb][vc_column_text]Instru\u00e7\u00f5es para as coordenadas: 1.- Abrir o Google Maps a partir do bot\u00e3o 2.- Encontre o ponto sobre o qual nos quer falar 3.- Clique uma vez com o bot\u00e3o esquerdo do rato no ponto, e aparecer\u00e1 uma janela com as coordenadas no fundo [&hellip;]\" \/>\n<meta property=\"og:url\" content=\"https:\/\/www.kermesgps.com\/esp\/comecar\/introducao_dados\/\" \/>\n<meta property=\"og:site_name\" content=\"Kermes GPS\" \/>\n<meta property=\"article:modified_time\" content=\"2022-10-06T17:13:43+00:00\" \/>\n<meta property=\"og:image\" content=\"https:\/\/www.kermesgps.com\/esp\/wp-content\/uploads\/2022\/10\/CPT1-300x85.jpg\" \/>\n<meta name=\"twitter:card\" content=\"summary_large_image\" \/>\n<meta name=\"twitter:label1\" content=\"Tiempo de lectura\" \/>\n\t<meta name=\"twitter:data1\" content=\"1 minuto\" \/>\n<script type=\"application\/ld+json\" class=\"yoast-schema-graph\">{\"@context\":\"https:\\\/\\\/schema.org\",\"@graph\":[{\"@type\":\"WebPage\",\"@id\":\"https:\\\/\\\/www.kermesgps.com\\\/esp\\\/comecar\\\/introducao_dados\\\/\",\"url\":\"https:\\\/\\\/www.kermesgps.com\\\/esp\\\/comecar\\\/introducao_dados\\\/\",\"name\":\"Introdu\u00e7\u00e3o de dados - Kermes GPS\",\"isPartOf\":{\"@id\":\"https:\\\/\\\/www.kermesgps.com\\\/esp\\\/#website\"},\"primaryImageOfPage\":{\"@id\":\"https:\\\/\\\/www.kermesgps.com\\\/esp\\\/comecar\\\/introducao_dados\\\/#primaryimage\"},\"image\":{\"@id\":\"https:\\\/\\\/www.kermesgps.com\\\/esp\\\/comecar\\\/introducao_dados\\\/#primaryimage\"},\"thumbnailUrl\":\"https:\\\/\\\/www.kermesgps.com\\\/esp\\\/wp-content\\\/uploads\\\/2022\\\/10\\\/CPT1-300x85.jpg\",\"datePublished\":\"2022-10-05T08:20:39+00:00\",\"dateModified\":\"2022-10-06T17:13:43+00:00\",\"breadcrumb\":{\"@id\":\"https:\\\/\\\/www.kermesgps.com\\\/esp\\\/comecar\\\/introducao_dados\\\/#breadcrumb\"},\"inLanguage\":\"es\",\"potentialAction\":[{\"@type\":\"ReadAction\",\"target\":[\"https:\\\/\\\/www.kermesgps.com\\\/esp\\\/comecar\\\/introducao_dados\\\/\"]}]},{\"@type\":\"ImageObject\",\"inLanguage\":\"es\",\"@id\":\"https:\\\/\\\/www.kermesgps.com\\\/esp\\\/comecar\\\/introducao_dados\\\/#primaryimage\",\"url\":\"https:\\\/\\\/www.kermesgps.com\\\/esp\\\/wp-content\\\/uploads\\\/2022\\\/10\\\/CPT1.jpg\",\"contentUrl\":\"https:\\\/\\\/www.kermesgps.com\\\/esp\\\/wp-content\\\/uploads\\\/2022\\\/10\\\/CPT1.jpg\",\"width\":397,\"height\":112},{\"@type\":\"BreadcrumbList\",\"@id\":\"https:\\\/\\\/www.kermesgps.com\\\/esp\\\/comecar\\\/introducao_dados\\\/#breadcrumb\",\"itemListElement\":[{\"@type\":\"ListItem\",\"position\":1,\"name\":\"Portada\",\"item\":\"https:\\\/\\\/www.kermesgps.com\\\/esp\\\/\"},{\"@type\":\"ListItem\",\"position\":2,\"name\":\"Come\u00e7ar\",\"item\":\"https:\\\/\\\/www.kermesgps.com\\\/esp\\\/comecar\\\/\"},{\"@type\":\"ListItem\",\"position\":3,\"name\":\"Introdu\u00e7\u00e3o de dados\"}]},{\"@type\":\"WebSite\",\"@id\":\"https:\\\/\\\/www.kermesgps.com\\\/esp\\\/#website\",\"url\":\"https:\\\/\\\/www.kermesgps.com\\\/esp\\\/\",\"name\":\"Kermes GPS\",\"description\":\"Avisadores de radar mediante GPS\",\"publisher\":{\"@id\":\"https:\\\/\\\/www.kermesgps.com\\\/esp\\\/#organization\"},\"alternateName\":\"Kermes GPS\",\"potentialAction\":[{\"@type\":\"SearchAction\",\"target\":{\"@type\":\"EntryPoint\",\"urlTemplate\":\"https:\\\/\\\/www.kermesgps.com\\\/esp\\\/?s={search_term_string}\"},\"query-input\":{\"@type\":\"PropertyValueSpecification\",\"valueRequired\":true,\"valueName\":\"search_term_string\"}}],\"inLanguage\":\"es\"},{\"@type\":\"Organization\",\"@id\":\"https:\\\/\\\/www.kermesgps.com\\\/esp\\\/#organization\",\"name\":\"Kermes GPS\",\"url\":\"https:\\\/\\\/www.kermesgps.com\\\/esp\\\/\",\"logo\":{\"@type\":\"ImageObject\",\"inLanguage\":\"es\",\"@id\":\"https:\\\/\\\/www.kermesgps.com\\\/esp\\\/#\\\/schema\\\/logo\\\/image\\\/\",\"url\":\"https:\\\/\\\/www.kermesgps.com\\\/esp\\\/wp-content\\\/uploads\\\/2022\\\/06\\\/Logo-Nuevo-WFinder-30.png\",\"contentUrl\":\"https:\\\/\\\/www.kermesgps.com\\\/esp\\\/wp-content\\\/uploads\\\/2022\\\/06\\\/Logo-Nuevo-WFinder-30.png\",\"width\":625,\"height\":214,\"caption\":\"Kermes GPS\"},\"image\":{\"@id\":\"https:\\\/\\\/www.kermesgps.com\\\/esp\\\/#\\\/schema\\\/logo\\\/image\\\/\"},\"sameAs\":[\"https:\\\/\\\/www.kermesgps.com\\\/esp\\\/actualizaciones\\\/kp4\\\/\",\"https:\\\/\\\/www.tiktok.com\\\/@wfinderpro\"]}]}<\/script>\n<!-- \/ Yoast SEO plugin. -->","yoast_head_json":{"title":"Introdu\u00e7\u00e3o de dados - Kermes GPS","robots":{"index":"index","follow":"follow","max-snippet":"max-snippet:-1","max-image-preview":"max-image-preview:large","max-video-preview":"max-video-preview:-1"},"canonical":"https:\/\/www.kermesgps.com\/esp\/comecar\/introducao_dados\/","og_locale":"es_ES","og_type":"article","og_title":"Introdu\u00e7\u00e3o de dados - Kermes GPS","og_description":"[vc_row][vc_column width=\u00bb1\/2&#8243;][\/vc_column][vc_column width=\u00bb1\/2&#8243;][vc_btn title=\u00bbABRIR GOOGLE MAPS\u00bb color=\u00bbwarning\u00bb size=\u00bblg\u00bb i_icon_fontawesome=\u00bbfas fa-map-marked\u00bb add_icon=\u00bbtrue\u00bb link=\u00bburl:https%3A%2F%2Fwww.google.pt%2Fmaps%2F%4039.7839776%2C-7.7223836%2C7.25z|title:Abrir%20Google%20Maps|target:_blank\u00bb][vc_column_text]Instru\u00e7\u00f5es para as coordenadas: 1.- Abrir o Google Maps a partir do bot\u00e3o 2.- Encontre o ponto sobre o qual nos quer falar 3.- Clique uma vez com o bot\u00e3o esquerdo do rato no ponto, e aparecer\u00e1 uma janela com as coordenadas no fundo [&hellip;]","og_url":"https:\/\/www.kermesgps.com\/esp\/comecar\/introducao_dados\/","og_site_name":"Kermes GPS","article_modified_time":"2022-10-06T17:13:43+00:00","og_image":[{"url":"https:\/\/www.kermesgps.com\/esp\/wp-content\/uploads\/2022\/10\/CPT1-300x85.jpg","type":"","width":"","height":""}],"twitter_card":"summary_large_image","twitter_misc":{"Tiempo de lectura":"1 minuto"},"schema":{"@context":"https:\/\/schema.org","@graph":[{"@type":"WebPage","@id":"https:\/\/www.kermesgps.com\/esp\/comecar\/introducao_dados\/","url":"https:\/\/www.kermesgps.com\/esp\/comecar\/introducao_dados\/","name":"Introdu\u00e7\u00e3o de dados - Kermes GPS","isPartOf":{"@id":"https:\/\/www.kermesgps.com\/esp\/#website"},"primaryImageOfPage":{"@id":"https:\/\/www.kermesgps.com\/esp\/comecar\/introducao_dados\/#primaryimage"},"image":{"@id":"https:\/\/www.kermesgps.com\/esp\/comecar\/introducao_dados\/#primaryimage"},"thumbnailUrl":"https:\/\/www.kermesgps.com\/esp\/wp-content\/uploads\/2022\/10\/CPT1-300x85.jpg","datePublished":"2022-10-05T08:20:39+00:00","dateModified":"2022-10-06T17:13:43+00:00","breadcrumb":{"@id":"https:\/\/www.kermesgps.com\/esp\/comecar\/introducao_dados\/#breadcrumb"},"inLanguage":"es","potentialAction":[{"@type":"ReadAction","target":["https:\/\/www.kermesgps.com\/esp\/comecar\/introducao_dados\/"]}]},{"@type":"ImageObject","inLanguage":"es","@id":"https:\/\/www.kermesgps.com\/esp\/comecar\/introducao_dados\/#primaryimage","url":"https:\/\/www.kermesgps.com\/esp\/wp-content\/uploads\/2022\/10\/CPT1.jpg","contentUrl":"https:\/\/www.kermesgps.com\/esp\/wp-content\/uploads\/2022\/10\/CPT1.jpg","width":397,"height":112},{"@type":"BreadcrumbList","@id":"https:\/\/www.kermesgps.com\/esp\/comecar\/introducao_dados\/#breadcrumb","itemListElement":[{"@type":"ListItem","position":1,"name":"Portada","item":"https:\/\/www.kermesgps.com\/esp\/"},{"@type":"ListItem","position":2,"name":"Come\u00e7ar","item":"https:\/\/www.kermesgps.com\/esp\/comecar\/"},{"@type":"ListItem","position":3,"name":"Introdu\u00e7\u00e3o de dados"}]},{"@type":"WebSite","@id":"https:\/\/www.kermesgps.com\/esp\/#website","url":"https:\/\/www.kermesgps.com\/esp\/","name":"Kermes GPS","description":"Avisadores de radar mediante GPS","publisher":{"@id":"https:\/\/www.kermesgps.com\/esp\/#organization"},"alternateName":"Kermes GPS","potentialAction":[{"@type":"SearchAction","target":{"@type":"EntryPoint","urlTemplate":"https:\/\/www.kermesgps.com\/esp\/?s={search_term_string}"},"query-input":{"@type":"PropertyValueSpecification","valueRequired":true,"valueName":"search_term_string"}}],"inLanguage":"es"},{"@type":"Organization","@id":"https:\/\/www.kermesgps.com\/esp\/#organization","name":"Kermes GPS","url":"https:\/\/www.kermesgps.com\/esp\/","logo":{"@type":"ImageObject","inLanguage":"es","@id":"https:\/\/www.kermesgps.com\/esp\/#\/schema\/logo\/image\/","url":"https:\/\/www.kermesgps.com\/esp\/wp-content\/uploads\/2022\/06\/Logo-Nuevo-WFinder-30.png","contentUrl":"https:\/\/www.kermesgps.com\/esp\/wp-content\/uploads\/2022\/06\/Logo-Nuevo-WFinder-30.png","width":625,"height":214,"caption":"Kermes GPS"},"image":{"@id":"https:\/\/www.kermesgps.com\/esp\/#\/schema\/logo\/image\/"},"sameAs":["https:\/\/www.kermesgps.com\/esp\/actualizaciones\/kp4\/","https:\/\/www.tiktok.com\/@wfinderpro"]}]}},"_links":{"self":[{"href":"https:\/\/www.kermesgps.com\/esp\/wp-json\/wp\/v2\/pages\/4521","targetHints":{"allow":["GET"]}}],"collection":[{"href":"https:\/\/www.kermesgps.com\/esp\/wp-json\/wp\/v2\/pages"}],"about":[{"href":"https:\/\/www.kermesgps.com\/esp\/wp-json\/wp\/v2\/types\/page"}],"author":[{"embeddable":true,"href":"https:\/\/www.kermesgps.com\/esp\/wp-json\/wp\/v2\/users\/2"}],"replies":[{"embeddable":true,"href":"https:\/\/www.kermesgps.com\/esp\/wp-json\/wp\/v2\/comments?post=4521"}],"version-history":[{"count":0,"href":"https:\/\/www.kermesgps.com\/esp\/wp-json\/wp\/v2\/pages\/4521\/revisions"}],"up":[{"embeddable":true,"href":"https:\/\/www.kermesgps.com\/esp\/wp-json\/wp\/v2\/pages\/3669"}],"wp:attachment":[{"href":"https:\/\/www.kermesgps.com\/esp\/wp-json\/wp\/v2\/media?parent=4521"}],"curies":[{"name":"wp","href":"https:\/\/api.w.org\/{rel}","templated":true}]}}